1188633 composite?
False
Is 678958307 a prime number?
True
Is 233069 a composite number?
False
Is 12276283 composite?
False
Is 191323241 a prime number?
True
Is 5454041 prime?
True
Is 10167589 composite?
False
Is 275357 a prime number?
True
Is 1162124785 a prime number?
False
Is 83515501 prime?
True
Is 416903 composite?
True
Is 4300507 a prime number?
False
Is 2385013 a prime number?
False
Is 124979 a prime number?
True
Is 17221031 a composite number?
False
Is 23979701 prime?
False
Is 3338563 composite?
True
Is 3147739 a prime number?
False
Is 28747123 a prime number?
False
Is 259975787 a composite number?
False
Is 211591871 a prime number?
False
Is 208431361 a composite number?
False
Is 46043245 prime?
False
Is 355591 composite?
False
Is 154712377 a prime number?
True
Is 3249101 composite?
True
Is 96405667 a composite number?
True
Is 38638177 composite?
False
Is 3812899 a prime number?
True
Is 951011 a composite number?
True
Is 624656639 a prime number?
False
Is 14960111 a composite number?
True
Is 8601491 a composite number?
False
Is 47774681 prime?
True
Is 1898893 prime?
True
Is 2870393 a prime number?
True
Is 3817529 a composite number?
True
Is 1136543 composite?
True
Is 1465127 prime?
True
Is 63654197 a prime number?
True
Is 66411257 prime?
False
Is 78991849 composite?
False
Is 3186217 prime?
True
Is 3894337 a prime number?
False
Is 69419357 composite?
True
Is 50359 a prime number?
True
Is 180871 composite?
False
Is 10538251 a composite number?
False
Is 10873087 composite?
False
Is 2577989 a prime number?
True
Is 124528259 prime?
False
Is 1674183695 a prime number?
False
Is 67158479 composite?
False
Is 867143 a prime number?
True
Is 1465 a composite number?
True
Is 21028979 a prime number?
True
Is 681690487 prime?
True
Is 176112542 a composite number?
True
Is 5185681 a prime number?
True
Is 1864145 composite?
True
Is 10757251 a prime number?
False
Is 150957553 composite?
False
Is 2338319 a prime number?
False
Is 35269687 a composite number?
False
Is 24880523 a prime number?
True
Is 3608915 a composite number?
True
Is 6159089 composite?
True
Is 316738133 a composite number?
False
Is 9844523 composite?
True
Is 109209455 a prime number?
False
Is 8279569 composite?
False
Is 38220097 composite?
True
Is 523447711 a composite number?
False
Is 152363 a prime number?
True
Is 1823033 prime?
True
Is 526697203 composite?
True
Is 51220229 prime?
False
Is 11225003 prime?
False
Is 2863213 a composite number?
True
Is 3795431 prime?
False
Is 1967371 a prime number?
False
Is 65776201 a composite number?
True
Is 107868911 prime?
True
Is 55381457 prime?
True
Is 19782887 a composite number?
False
Is 121287827 prime?
True
Is 60651551 prime?
False
Is 8190211 composite?
False
Is 44625923 composite?
False
Is 26859163 a composite number?
False
Is 7768081 a prime number?
True
Is 9506005 prime?
False
Is 43119251 composite?
True
Is 11136367 composite?
True
Is 6063221 a prime number?
True
Is 4365973 a prime number?
False
Is 23935169 a prime number?
True
Is 590713 a composite number?
False
Is 1552580513 prime?
False
Is 5945909 a prime number?
True
Is 33491929 a prime number?
True
Is 1611643 a prime number?
False
Is 46057839 prime?
False
Is 243072397 a composite number?
True
Is 3208253 composite?
False
Is 68614477 composite?
False
Is 280061 a composite number?
False
Is 3238019 composite?
False
Is 7378979 a prime number?
True
Is 53844701 prime?
True
Is 861694019 composite?
False
Is 572809 a composite number?
True
Is 88175863 a composite number?
True
Is 185531209 a composite number?
True
Is 5063039 prime?
True
Is 2096909 composite?
False
Is 15880421 prime?
True
Is 765142991 composite?
False
Is 135959483 a prime number?
False
Is 7338181 composite?
False
Is 7230563 prime?
True
Is 4299347 prime?
False
Is 526483 a composite number?
False
Is 41106383 composite?
False
Is 3932813 a composite number?
False
Is 1415027 a prime number?
False
Is 5160461 prime?
True
Is 26129111 a composite number?
False
Is 186121229 a prime number?
False
Is 83384551 prime?
False
Is 204429431 a prime number?
True
Is 47459 prime?
True
Is 218107 a composite number?
False
Is 115863911 a composite number?
False
Is 1668228827 a composite number?
False
Is 14679397 a prime number?
True
Is 26109929 prime?
True
Is 8648405 prime?
False
Is 21494234 a prime number?
False
Is 22083119 composite?
True
Is 1913557 composite?
True
Is 18098627 a prime number?
True
Is 4120799 composite?
True
Is 876523 composite?
False
Is 119740947 a composite number?
True
Is 1801259 a prime number?
True
Is 28021693 a composite number?
True
Is 34154353 a prime number?
False
Is 58759201 prime?
False
Is 8008081 a composite number?
False
Is 2364049 composite?
False
Is 19401971 a composite number?
True
Is 55658921 composite?
False
Is 2996263 composite?
False
Is 1308191 prime?
True
Is 6646063 prime?
False
Is 42864109 composite?
False
Is 11497807 a prime number?
False
Is 3648473 prime?
False
Is 18097451 a composite number?
True
Is 389866 a prime number?
False
Is 175788593 prime?
False
Is 57029421 a composite number?
True
Is 99813047 prime?
True
Is 80404393 prime?
False
Is 11663713 composite?
True
Is 208858603 composite?
False
Is 79337857 prime?
True
Is 11451333 prime?
False
Is 9418811 composite?
False
Is 117035641 a composite number?
True
Is 2815357 a composite number?
True
Is 966689 a composite number?
True
Is 15340177 prime?
False
Is 10324207 a prime number?
True
Is 1357871 composite?
False
Is 4519973 prime?
True
Is 107581319 prime?
False
Is 220777877 composite?
True
Is 6801551 prime?
True
Is 5235029 composite?
False
Is 226131 a composite number?
True
Is 1432957 a prime number?
True
Is 7577567 a composite number?
False
Is 10540169 a composite number?
False
Is 181243 prime?
True
Is 10500791 prime?
False
Is 85292591 prime?
True
Is 141519323 composite?
True
Is 16696105 prime?
False
Is 188651109 composite?
True
Is 754811 composite?
False
Is 64021829 a composite number?
False
Is 107953 prime?
False
Is 42974093 a prime number?
False
Is 640931 a composite number?
True
Is 10127069 a prime number?
True
Is 5102791 a prime number?
False
Is 6539327 a prime number?
True
Is 262432459 composite?
True
Is 1334103 a prime number?
False
Is 10159067 a prime number?
False
Is 214567295 a composite number?
True
Is 258233 prime?
True
Is 34194469 composite?
False
Is 14220347 prime?
False
Is 40524839 a composite number?
False
Is 67813777 prime?
False
Is 6618445 a prime number?
False
Is 62737471 a composite number?
False
Is 1961321 composite?
False
Is 3181979 a composite number?
True
Is 19939237 a prime number?
True
Is 19845901 a composite number?
False
Is 62171467 a prime number?
False
Is 260738567 a prime number?
True
Is 6796487 a prime number?
True
Is 35657546 a composite number?
True
Is 6865231 composite?
False
Is 394692647 prime?
False
Is 18608753 composite?
False
Is 4313081 prime?
True
Is 85425139 a composite number?
False
Is 102975289 a composite number?
False
Is 94987721 composite?
True
Is 22115959 a composite number?
False
Is 112937147 composite?
False
Is 151790147 a composite number?
True
Is 1127717 a prime number?
False
Is 135573 a prime number?
False
Is 53427979 prime?
False
Is 1038371403 a prime number?
False
Is 3715233 a prime number?
False
Is 159557 a composite number?
True
Is 758759 a composite number?
True
Is 231729257 a composite number?
False
Is 619258151 a composite number?
False
Is 144745319 composite?
False
Is 28631671 composite?
True
Is 347671705 composite?
True
Is 5961343 a composite number?
False
Is 58959254 a prime number?
False
Is 26913223 a prime number?
True
Is 616277 a prime number?
True
Is 118505978 a composite number?
True
Is 135266849 a composite number?
False
Is 49589993 a composite number?
False
Is 12477791 prime?
True
Is 8021261 prime?
False
Is 62588909 a prime number?
False
Is 5862791 prime?
False
Is 8436053 composite?
True
Is 79416091 a composite number?
False
Is 108912667 a prime number?
False
Is 265465318 a composite number?
True
Is 37264295 a prime number?
False
Is 167589589 composite?
False
Is 19114591 a prime number?
True
Is 39056377 composite?
True
Is 232033 a prime number?
False
Is 20330819 a prime number?
True
Is 4199203 a prime number?
False
Is 193793489 a prime number?
False
Is 7730147 prime?
True
Is 185331403 composi